?
False
Is 14357052329 prime?
True
Is 5250320113 a composite number?
False
Is 833687053 a composite number?
True
Is 1198222309 a composite number?
True
Is 467818541 a prime number?
True
Is 14023292681 a prime number?
False
Is 1901658543 a prime number?
False
Is 8341875947 a prime number?
True
Is 1911429941 composite?
True
Is 588579293 a prime number?
True
Is 699712921 a prime number?
True
Is 4453422329 a composite number?
False
Is 410988086 composite?
True
Is 390445999 prime?
False
Is 4662405257 prime?
True
Is 139542283 prime?
True
Is 16891657 composite?
False
Is 77246321501 composite?
False
Is 7010934347 a prime number?
False
Is 3482129081 a composite number?
True
Is 9312610793 composite?
True
Is 301256347399 prime?
False
Is 6881216579 prime?
True
Is 646341247 composite?
False
Is 104099179 a composite number?
False
Is 7906173287 composite?
False
Is 1939117867 a composite number?
True
Is 5344373399 a composite number?
False
Is 59975223557 composite?
False
Is 50907833 a composite number?
False
Is 184268841247 composite?
False
Is 11632922339 prime?
False
Is 3738033727 a prime number?
True
Is 9289372957 a composite number?
True
Is 119458231 a composite number?
True
Is 1505126741 a prime number?
False
Is 10668596071 composite?
True
Is 2529384415 prime?
False
Is 155461726985 prime?
False
Is 2505565633 a composite number?
True
Is 6801423143 a composite number?
False
Is 68339754611 prime?
True
Is 651522121 prime?
True
Is 64477331419 a composite number?
True
Is 1231783103 a composite number?
True
Is 86447227 a prime number?
False
Is 4033139723 prime?
False
Is 1198507723 prime?
False
Is 4681145831 a composite number?
True
Is 3239085865 a composite number?
True
Is 11093223019 prime?
False
Is 26784987521 composite?
True
Is 1650238883 a composite number?
False
Is 29595653749 a prime number?
False
Is 270925727 composite?
False
Is 86651101 prime?
False
Is 4272397009 a composite number?
True
Is 61047326129 a prime number?
True
Is 3245329135 prime?
False
Is 154119461 a composite number?
False
Is 679629343 a composite number?
True
Is 7844713999 prime?
True
Is 33092642393 prime?
True
Is 1612544029 a composite number?
False
Is 30631293305 composite?
True
Is 532711243 a composite number?
False
Is 730922407 composite?
False
Is 1545490489 a prime number?
True
Is 44867654119 a prime number?
False
Is 322260075283 a prime number?
False
Is 1020039277 prime?
False
Is 633068279 prime?
True
Is 367239595 a prime number?
False
Is 47749687 composite?
False
Is 131908303 a prime number?
False
Is 19130519 a prime number?
True
Is 1841335439 prime?
True
Is 176518103 prime?
False
Is 1878160859 a prime number?
False
Is 26631043 a prime number?
True
Is 16122579241 a prime number?
False
Is 4523182301 composite?
True
Is 728359031 a composite number?
True
Is 1991871767 prime?
True
Is 101546516297 a composite number?
True
Is 1627221091 composite?
True
Is 22491873959 a composite number?
False
Is 2090683937 a composite number?
False
Is 59190941 a composite number?
False
Is 3576187253 a composite number?
False
Is 574527697 a composite number?
False
Is 626030123 composite?
True
Is 98840503 composite?
False
Is 53349114019 prime?
True
Is 1341400889 a prime number?
False
Is 681334421 prime?
True
Is 4230850189 prime?
True
Is 34932997261 composite?
True
Is 24521987177 composite?
True
Is 1303321094 prime?
False
Is 13914174559 composite?
True
Is 442203419 a prime number?
False
Is 1231888201 prime?
True
Is 8179952063 composite?
True
Is 11264332227 a prime number?
False
Is 293576671 prime?
True
Is 2255558659 composite?
True
Is 30738396383 a prime number?
True
Is 26868847 a composite number?
True
Is 29314354327 composite?
False
Is 18555769 a prime number?
False
Is 46707107621 a prime number?
False
Is 1876746593 a composite number?
False
Is 6850223299 a composite number?
True
Is 1638075241 a prime number?
False
Is 181632235957 a prime number?
True
Is 296319313 composite?
True
Is 1660586218 a composite number?
True
Is 160719485 composite?
True
Is 1491252109 prime?
True
Is 915472183 a composite number?
False
Is 568903319 prime?
True
Is 3901065241 a prime number?
False
Is 46712761481 a composite number?
False
Is 20199119389 prime?
True
Is 5542530569 a prime number?
True
Is 8085494057 a prime number?
False
Is 287777099 prime?
False
Is 384169307 a composite number?
False
Is 1613114803 composite?
True
Is 27730447729 a composite number?
True
Is 759188197 a composite number?
False
Is 2813173013 composite?
True
Is 5424524929 a composite number?
False
Is 11122012753 a composite number?
False
Is 112654649 a composite number?
False
Is 2285179181 a prime number?
True
Is 979992329 composite?
False
Is 1457732191 prime?
True
Is 1221176213 a composite number?
False
Is 422393281 prime?
False
Is 10039007149 a prime number?
True
Is 732887783 composite?
False
Is 41937283541 a prime number?
False
Is 66355843 prime?
True
Is 177025920739 composite?
False
Is 728096199 prime?
False
Is 3158495701 a composite number?
False
Is 122267405643 a prime number?
False
Is 230337313 a composite number?
False
Is 5329287121 prime?
False
Is 7376528963 a composite number?
False
Is 492173501 a composite number?
False
Is 39606491513 prime?
True
Is 50067835517 a composite number?
True
Is 2092767763 a prime number?
True
Is 7114846769 composite?
False
Is 201778799 prime?
True
Is 1570261163 prime?
True
Is 18997897439 prime?
True
Is 278966123 prime?
True
Is 7855863751 a composite number?
False
Is 883395119 composite?
True
Is 12481577921 prime?
True
Is 17045855963 a prime number?
True
Is 571258759 prime?
True
Is 7797575503 a composite number?
False
Is 6009579727 a composite number?
True
Is 34746097 a prime number?
True
Is 6932269343 prime?
True
Is 99855339487 a composite number?
False
Is 5851872079 composite?
False
Is 67367981591 a composite number?
False
Is 4078713887 prime?
True
Is 16428494389 a prime number?
True
Is 327177979 prime?
True
Is 79793261 a prime number?
True
Is 52786177 a prime number?
False
Is 446363641 prime?
True
Is 13770445886 composite?
True
Is 43624445801 prime?
True
Is 241082904479 prime?
True
Is 15694056083 prime?
True
Is 21893517517 a composite number?
True
Is 1433046751 prime?
True
Is 12509422031 prime?
True
Is 171152633 a prime number?
False
Is 39952828073 composite?
False
Is 4823670181 composite?
True
Is 448546387 prime?
True
Is 6374204777 prime?
True
Is 1186360017 a composite number?
True
Is 17265277319 prime?
True
Is 57719545981 a prime number?
True
Is 81180094137 composite?
True
Is 312423435151 prime?
True
Is 1685781179 prime?
True
Is 35877441839 prime?
True
Is 2727533297 composite?
False
Is 26200228463 composite?
False
Is 414171521 prime?
False
Is 46897952779 composite?
True
Is 637567233347 a composite number?
True
Is 7006265503 prime?
False
Is 5213288807 a prime number?
True
Is 12743534539 a composite number?
True
Is 122791171 a prime number?
False
Is 18257623099 a prime number?
False
Is 23443571381 composite?
True
Is 225003281 a prime number?
False
Is 4844815957 prime?
True
Is 17321173897 composite?
True
Is 1009440451 a prime number?
False
Is 1050037343 composite?
False
Is 87359057137 a composite number?
True
Is 15419381671 a prime number?
True
Is 5113048151 composite?
False
Is 43991025083 prime?
True
Is 3280890163 a prime number?
False
Is 5667015677 a prime number?
False
Is 315585521 prime?
True
Is 12926557399 a prime number?
False
Is 27326459071 a composite number?
False
Is 1435977259 composite?
False
Is 31531872101 composite?
False
Is 28947859049 a composite number?
True
Is 717742931 a prime number?
True
Is 2838779549 a composite number?
False
Is 64989854623 composite?
False
Is 281797691 a composite number?
True
Is 6273730763 composite?
False
Is 378149910854 composite?
True
Is 25844498369 prime?
True
Is 1487091817 a prime number?
True
Is 2172748217 composite?
False
Is 1571759809 composite?
True
Is 1129200403 composite?
True
Is 751880381 a prime number?
False
Is 857491123 composite?
False
Is 4281660037 composite?
False
Is 4644634649 prime?
True
Is 3940302101 prime?
True
Is 256120651 composite?
True
Is 18082221881 prime?
True
Is 65221550257 a prime number?
False
Is 39676631 a prime number?
True
Is 9440561591 a prime number?
True
Is 606710833559 prime?
True
Is 1795736851 a prime number?
True
Is 156661413 a compos